)?
1
What is the units digit of (-2)/(-1 + 3 + -4)?
1
Let w = -19 + -39. Let z = -32 - w. What is the tens digit of z?
2
Let m(p) = -p**2 - 12 + 6*p**2 - 3*p**2 + 6*p. What is the units digit of m(-6)?
4
Suppose -5*x + 6*x + c = 81, -239 = -3*x - c. What is the tens digit of x?
7
Let g(p) = -p - 11. Let u be g(-8). Let q = -3 - u. Suppose q = 5*l - 5. What is the units digit of l?
1
Let h(a) = -5*a + 4*a - a**2 + 1 - 2*a**3 + a**3. Let z be h(0). Suppose 5*j = 14 + z. What is the units digit of j?
3
Let c(o) = 11*o**2 - 1. Let w be c(-1). Let u = 33 + w. What is the units digit of u?
3
Let x(t) = -t**3 + 4*t**2 - 1. Let d be -4*(-2)/(24/(-9)). Let j be x(d). What is the units digit of 1/(-5) - j/(-10)?
6
Let j = 23 + -16. What is the units digit of j?
7
Suppose 0 = -2*j - 2*q + 6, -4*j + 5*j - 5*q - 3 = 0. Suppose 13 = j*u + 1. What is the units digit of u?
4
What is the units digit of (3/(-2))/(-3)*60?
0
Let t(z) be the third derivative of 1/120*z**6 + 0 - 1/6*z**5 + 0*z + 1/3*z**3 + 2*z**2 + 3/8*z**4. What is the units digit of t(9)?
2
Let k(d) = d**2 + 1. Let w = 1 + -1. Let z be k(w). What is the units digit of 9 - 0/(-1) - z?
8
What is the tens digit of (0 + (-36)/16)*1400/(-15)?
1
Let c(t) = -t**2 - 4*t + 1. Let q be c(-4). Let f(a) = -3*a - 6*a + 14 + 8*a - q. What is the tens digit of f(0)?
1
Let v = -6 - -18. What is the tens digit of v?
1
Let k = 5 - 6. Let h be 9 + k - (1 + 0). Let t = 14 - h. What is the units digit of t?
7
Suppose -3*f + 5*f - 12 = 0. Let l = -6 + f. Suppose -3*n + 2*s + 33 = l, 73 - 18 = 5*n - s. What is the units digit of n?
1
Let i = 5 + -6. Let x = -2 + i. Let k = 12 + x. What is the units digit of k?
9
Suppose 0 = w - 4, -4*w - 10 = -2*z - 26. Suppose z*r = r. Suppose -20 = -5*y - 5*t, 0 = -r*y - 2*y + t + 5. What is the units digit of y?
3
Let m(j) = j - 4*j - 1 + 11 + j**2. What is the units digit of m(7)?
8
What is the units digit of (-1)/((-6 + 3)/(-6)) + 71?
9
Let d(l) = -l**3 + 10*l**2 + 6*l - 15. What is the units digit of d(10)?
5
Suppose 4*x = 5*y - 964, -x - 380 = -2*y + 2*x. Suppose 5*s = y + 14. What is the tens digit of s?
4
Suppose -a + 8 = 4*o, 5*o - 3*a + 2*a = 19. Let j(b) = 3*b**2 - 3*b + 4. What is the units digit of j(o)?
2
What is the units digit of (39/12)/((-1)/(-12))?
9
Suppose 4*v - 3*l = 25, -5*v + 0*v = 2*l - 37. Let r = v + 1. What is the units digit of r?
8
Suppose -3*y + 2*x + 0*x + 8 = 0, -5*y - 2*x = -40. Let a = 10 + y. What is the units digit of a?
6
Let n(v) = -v**3 - 9*v**2 - v - 4. Let r be n(-9). Let w be (-2)/r + 4/10. What is the units digit of (-2 + -5)*(w + -1)?
7
Let q(i) = 3*i - 3. Suppose 4*w + 10 = -10. Let t(g) = -g**3 - 6*g**2 - 5*g + 5. Let x be t(w). What is the units digit of q(x)?
2
Suppose -y + 0*y - 4*f + 19 = 0, -y + 3*f = 9. Suppose y*l - 5*l = 0. Suppose -7*j + 3*j + 80 = l. What is the units digit of j?
0
Let r be ((-48)/40)/((-6)/220). Suppose 0 = m - 2, 3*u + m - r = 0. What is the units digit of u?
4
Let i = 55 - 36. What is the tens digit of i?
1
What is the units digit of (1815/15)/(-1 - -2)?
1
Let k be (7 - 8)/((-2)/82). Let o = -25 + k. What is the units digit of o?
6
Suppose 0*q + 17 = q. Let l = -14 - -21. Suppose -3*p + l + q = 0. What is the units digit of p?
8
Suppose 0 = q + q + 6, -3*l + 3*q = -18. Suppose -10 + l = -g. What is the units digit of g?
7
Let c(g) = g**3 + 0*g**3 - 7 + 3*g + 0*g**2 - 5*g**2. Let p = 37 + -32. What is the units digit of c(p)?
8
Let u be (2 + -2)/(-1) + 2. Suppose -12 = -0*t - u*t. What is the units digit of t?
6
What is the tens digit of (-15)/3*-1*8?
4
Let i(p) = 39*p + 29. What is the units digit of i(6)?
3
Let y = 1 - -3. Suppose -2*i + 2*u = 4*u - 8, 2*i = y*u + 14. What is the units digit of i?
5
Suppose 0*p - 3*p - i = -180, 4*i - 180 = -3*p. What is the units digit of p?
0
Let t = 480 + -342. What is the units digit of t?
8
Suppose -186 = s - 5*s - w, 94 = 2*s + w. What is the units digit of s?
6
What is the units digit of 228 + -3 + 2 + 5?
2
What is the units digit of ((-36)/21)/((-2)/189 + 0)?
2
Let c = -10 - -5. Let a = c - -5. Suppose 5*f - 14 - 1 = a. What is the units digit of f?
3
Suppose 4*m + 4 = 4*r, 0*r + 5*r = -3*m + 45. What is the units digit of r?
6
Let p be (-228)/(-14) + (-8)/28. Let w be (3*p/6)/2. Suppose -w*l + 24 = -4. What is the units digit of l?
7
Let c(m) = -m**3 - 4*m**2 + 7*m + 3. Let v be c(-5). What is the tens digit of v/14 - (-150)/4?
3
Let h(u) = -17*u - 42. What is the units digit of h(-17)?
7
Let c(m) = -m**3 - 6*m**2 - m + 8. What is the units digit of c(-6)?
4
Let z(g) = 3*g - g**2 + 1 + 0*g**2 + g**3 + 5*g**2. Let i = 6 - 9. What is the units digit of z(i)?
1
Let g(q) = -4*q + 9. Let f be g(11). What is the tens digit of 7/f - (-192)/10?
1
Suppose 0 = -3*u + 22 - 7. Suppose 5*g = -2*q, 0 = 2*g + 2*q + q. Let m = g + u. What is the units digit of m?
5
Let k(z) be the second derivative of z - 1/12*z**4 + 0 - 2/3*z**3 + 5/2*z**2. What is the units digit of k(-4)?
5
Let j(b) = -b**3 + 9*b**2 + 1. What is the units digit of j(9)?
1
Suppose 3*s + 3 = 4*j + 35, -5*j + 4*s = 40. Let n = 16 + j. What is the units digit of n?
8
Suppose 2 - 20 = -3*r. What is the units digit of r?
6
Let n be -9*1/2*4. Let y(q) = 6*q. Let d be y(5). Let g = n + d. What is the tens digit of g?
1
Let b(z) = 2*z**2 + 5*z + 3. Let o(l) be the second derivative of -l**3/6 - 5*l**2 - 3*l. Let s be o(-7). What is the units digit of b(s)?
6
Let r(h) be the first derivative of -h**4/4 - 5*h**3/3 - h**2/2 - 6*h + 3. Let i be r(-5). What is the units digit of i - 10/4*-2?
4
Suppose 3*x = -2 - 7. What is the units digit of (-2)/(-3 + (-7)/x)?
3
Let t be ((-24)/18)/((-2)/6). Suppose 0 = d - t*d + 3. What is the units digit of d?
1
Let s = 13 + 3. Let j be 2*4/(24/9). Suppose j*c = -c + s. What is the units digit of c?
4
Suppose -c = 1 - 2. Let b(i) = -2*i - c - i - 3 + 2. What is the tens digit of b(-5)?
1
Suppose 2*a + 6 = -a, -w - 3*a = 0. Let n be (-4)/6 + 184/w. Let s = -18 + n. What is the tens digit of s?
1
Let v = 6 + -2. Suppose v*l - 5 = 35. What is the units digit of l?
0
Let a(l) = -l**3 + 4*l**2 + l - 1. Let m be a(4). Suppose 0 = f + 3, -m*w + 0*f = 3*f - 57. What is the units digit of w?
2
What is the units digit of 46 + 0 + 0 + -3?
3
Suppose -q + 4*c = -31, 3*c - 7 = 5*q - 145. Suppose 0 = -2*l - 3*r - q, 3*r + 64 = -3*l + 25. Let y = 18 + l. What is the units digit of y?
6
Let u(s) be the first derivative of s**2 - 3*s + 2. Let q be u(3). Suppose -q*y + 2 = -10. What is the units digit of y?
4
Let g be (4/(-10))/((-3)/15). Suppose 43 = -3*y + 4*c, -g*y + 15 = c + 40. Let x = -5 - y. What is the units digit of x?
8
Suppose f - 8 + 6 = 0. Suppose -5*g - 2*h + 8 = -66, 3*h + 22 = f*g. What is the tens digit of g?
1
Let i = -3 + 7. Suppose 2*q + 4 = 2*k, -k - 22 = -5*q - i*k. What is the units digit of (5/q - 2)*28?
4
Let m(l) = -l**2 + 5*l - 4. Suppose 0 = 2*v - s - 11, -4 = v - 4*v - s. Let y be m(v). What is the units digit of (-5)/((y + -1)*-1)?
5
Suppose 3*i + 5*b - 3*b = 71, -4*i = -4*b - 108. What is the units digit of i?
5
Let x be (2/6)/((-5)/45). Let m = -9 - x. What is the units digit of (m/(-4))/((-1)/(-4))?
6
Let x(t) = -t**2 - 4*t + 3. Let k be x(-5). What is the tens digit of 0 + k - 1 - -31?
2
Let s = 4 - 2. What is the tens digit of s/(-6) - 186/(-18)?
1
Suppose -2*y + 6 = -4. Suppose 0 = -y*d + 4*z + 62, 3*d - 32 = -0*z + 5*z. What is the units digit of d?
4
Suppose -96 = -3*m + 39. What is the units digit of m?
5
Suppose -5*k + 3*c = -2*c - 350, -250 = -4*k - 2*c. What is the units digit of k?
5
What is the units digit of 28/(-42) - 1558/(-6)?
9
Let c(o) = -6*o + 2. Let u be c(-2). Suppose -4*l = -0*l. Suppose 0 = -2*k - l*k + u. What is the units digit of k?
7
Suppose 3*h + 55 + 8 = 0. Let w = 34 + h. What is the tens digit of w?
1
Suppose -5*k + 5 = -10, -4*y + k + 89 = 0. What is the units digit of y?
3
Suppose 30 = 7*q - 6*q. Suppose d + q = 5*h, -5*d = -3*d - 10. What is the units digit of h?
7
Suppose -3*g + 186 = -5*b, g + 8 - 72 = b. What is the tens digit of g?
6
Suppose 5*n - 40 = -5. Suppose n*i - 2*g = 2*i + 106, g = 5*i - 103. Let r = 33 - i. What is the tens digit of r?
1
Suppose -f = -3*f + 4*q + 96, 3*f = -5*q + 144. What is the units digit of f?
8
Let r = 